List the prime factors of 10596.
2, 3, 883
List the prime factors of 1901.
1901
What are the prime factors of 16708?
2, 4177
List the prime factors of 29281.
7, 47, 89
List the prime factors of 363.
3, 11
What are the prime factors of 8229?
3, 13, 211
What are the prime factors of 1197?
3, 7, 19
List the prime factors of 65433.
3, 17, 1283
What are the prime factors of 11346?
2, 3, 31, 61
What are the prime factors of 4153?
4153
What are the prime factors of 1778?
2, 7, 127
List the prime factors of 8490.
2, 3, 5, 283
List the prime factors of 978.
2, 3, 163
What are the prime factors of 140?
2, 5, 7
List the prime factors of 589.
19, 31
List the prime factors of 1480.
2, 5, 37
What are the prime factors of 8126?
2, 17, 239
List the prime factors of 74.
2, 37
What are the prime factors of 823?
823
What are the prime factors of 14104?
2, 41, 43
What are the prime factors of 1243?
11, 113
What are the prime factors of 4186?
2, 7, 13, 23
What are the prime factors of 124?
2, 31
What are the prime factors of 1390?
2, 5, 139
List the prime factors of 1542.
2, 3, 257
What are the prime factors of 9447?
3, 47, 67
What are the prime factors of 3315?
3, 5, 13, 17
What are the prime factors of 20571?
3, 6857
What are the prime factors of 4516?
2, 1129
What are the prime factors of 82013?
82013
List the prime factors of 263.
263
List the prime factors of 8710.
2, 5, 13, 67
What are the prime factors of 1823?
1823
What are the prime factors of 4282?
2, 2141
What are the prime factors of 63563?
17, 3739
What are the prime factors of 720?
2, 3, 5
What are the prime factors of 10621?
13, 19, 43
What are the prime factors of 16907?
11, 29, 53
What are the prime factors of 127361?
13, 97, 101
List the prime factors of 1147.
31, 37
List the prime factors of 2646.
2, 3, 7
What are the prime factors of 66200?
2, 5, 331
List the prime factors of 7955.
5, 37, 43
What are the prime factors of 47125?
5, 13, 29
What are the prime factors of 19953?
3, 739
List the prime factors of 1306.
2, 653
What are the prime factors of 277?
277
List the prime factors of 720.
2, 3, 5
What are the prime factors of 2043?
3, 227
List the prime factors of 5641.
5641
What are the prime factors of 1624?
2, 7, 29
What are the prime factors of 72128?
2, 7, 23
What are the prime factors of 85?
5, 17
What are the prime factors of 1739?
37, 47
List the prime factors of 4925.
5, 197
What are the prime factors of 1979?
1979
What are the prime factors of 38569?
38569
What are the prime factors of 22935?
3, 5, 11, 139
What are the prime factors of 21373?
11, 29, 67
What are the prime factors of 1325?
5, 53
What are the prime factors of 3146?
2, 11, 13
List the prime factors of 1906.
2, 953
What are the prime factors of 1638?
2, 3, 7, 13
List the prime factors of 2623.
43, 61
List the prime factors of 908.
2, 227
List the prime factors of 7253.
7253
List the prime factors of 177.
3, 59
List the prime factors of 6816.
2, 3, 71
What are the prime factors of 1054?
2, 17, 31
What are the prime factors of 321?
3, 107
List the prime factors of 4075.
5, 163
List the prime factors of 61349.
31, 1979
What are the prime factors of 4069?
13, 313
List the prime factors of 2057.
11, 17
What are the prime factors of 39751?
127, 313
List the prime factors of 22750.
2, 5, 7, 13
What are the prime factors of 9593?
53, 181
What are the prime factors of 65275?
5, 7, 373
List the prime factors of 78746.
2, 39373
What are the prime factors of 21345?
3, 5, 1423
What are the prime factors of 986?
2, 17, 29
What are the prime factors of 22006?
2, 11003
List the prime factors of 7562.
2, 19, 199
What are the prime factors of 1349?
19, 71
What are the prime factors of 12846?
2, 3, 2141
What are the prime factors of 111?
3, 37
List the prime factors of 1228.
2, 307
What are the prime factors of 8588?
2, 19, 113
What are the prime factors of 945?
3, 5, 7
List the prime factors of 10780.
2, 5, 7, 11
What are the prime factors of 895?
5, 179
What are the prime factors of 112979?
112979
What are the prime factors of 1662?
2, 3, 277
What are the prime factors of 107?
107
What are the prime factors of 161320?
2, 5, 37, 109
What are the prime factors of 71494?
2, 35747
List the prime factors of 2116.
2, 23
List the prime factors of 78975.
3, 5, 13
What are the prime factors of 34659?
3, 3851
What are the prime factors of 1581?
3, 17, 31
List the prime factors of 11731.
11731
List the prime factors of 1562.
2, 11, 71
What are the prime factors of 387?
3, 43
What are the prime factors of 1512?
2, 3, 7
List the prime factors of 381.
3, 127
What are the prime factors of 1468?
2, 367
List the prime factors of 19542.
2, 3, 3257
What are the prime factors of 48980?
2, 5, 31, 79
List the prime factors of 4342.
2, 13, 167
List the prime factors of 39752.
2, 4969
List the prime factors of 374.
2, 11, 17
List the prime factors of 342.
2, 3, 19
What are the prime factors of 36344?
2, 7, 11, 59
List the prime factors of 3675.
3, 5, 7
List the prime factors of 606.
2, 3, 101
What are the prime factors of 106621?
106621
What are the prime factors of 15934?
2, 31, 257
What are the prime factors of 1856?
2, 29
List the prime factors of 19298.
2, 9649
What are the prime factors of 28865?
5, 23, 251
List the prime factors of 20408.
2, 2551
What are the prime factors of 1837?
11, 167
What are the prime factors of 2160?
2, 3, 5
What are the prime factors of 4404?
2, 3, 367
List the prime factors of 863.
863
List the prime factors of 56.
2, 7
What are the prime factors of 68894?
2, 7, 19, 37
What are the prime factors of 18179?
7, 53
What are the prime factors of 4305?
3, 5, 7, 41
What are the prime factors of 4066?
2, 19, 107
What are the prime factors of 4175?
5, 167
List the prime factors of 50698.
2, 25349
List the prime factors of 3280.
2, 5, 41
What are the prime factors of 3210?
2, 3, 5, 107
What are the prime factors of 1094?
2, 547
List the prime factors of 3326.
2, 1663
List the prime factors of 2113.
2113
What are the prime factors of 890?
2, 5, 89
List the prime factors of 36188.
2, 83, 109
List the prime factors of 427.
7, 61
What are the prime factors of 2985?
3, 5, 199
What are the prime factors of 75734?
2, 19, 1993
List the prime factors of 13261.
89, 149
List the prime factors of 16124.
2, 29, 139
What are the prime factors of 1354?
2, 677
What are the prime factors of 327?
3, 109
What are the prime factors of 2126?
2, 1063
List the prime factors of 5759.
13, 443
What are the prime factors of 52300?
2, 5, 523
What are the prime factors of 41706?
2, 3, 7, 331
List the prime factors of 412.
2, 103
What are the prime factors of 5661?
3, 17, 37
What are the prime factors of 2185?
5, 19, 23
List the prime factors of 3335.
5, 23, 29
List the prime factors of 33708.
2, 3, 53
What are the prime factors of 1493?
1493
What are the prime factors of 12847?
29, 443
What are the prime factors of 2216?
2, 277
List the prime factors of 6470.
2, 5, 647
What are the prime factors of 4950?
2, 3, 5, 11
What are the prime factors of 43543?
43543
List the prime factors of 3596.
2, 29, 31
What are the prime factors of 30238?
2, 13, 1163
What are the prime factors of 641?
641
What are the prime factors of 21658?
2, 7, 13, 17
List the prime factors of 2736.
2, 3, 19
List the prime factors of 6671.
7, 953
List the prime factors of 17866.
2, 8933
List the prime factors of 809.
809
What are the prime factors of 15897?
3, 7, 757
What are the prime factors of 31448?
2, 3931
What are the prime factors of 2558?
2, 1279
List the prime factors of 1057.
7, 151
What are the prime factors of 13303?
53, 251
List the prime factors of 4426.
2, 2213
List the prime factors of 18814.
2, 23, 409
List the prime factors of 29884.
2, 31, 241
What are the prime factors of 47005?
5, 7, 17, 79
What are the prime factors of 1043?
7, 149
List the prime factors of 26122.
2, 37, 353
List the prime factors of 18424.
2, 7, 47
What are the prime factors of 3555?
3, 5, 79
List the prime factors of 16609.
17, 977
What are the prime factors of 22807?
22807
List the prime factors of 4249.
7, 607
List the prime factors of 1276.
2, 11, 29
List the prime factors of 376.
2, 47
What are the prime factors of 647?
647
What are the prime factors of 1480?
2, 5, 37
List the prime factors of 47380.
2,